{"id":132,"date":"2020-10-08T13:50:44","date_gmt":"2020-10-08T13:50:44","guid":{"rendered":"http:\/\/salesianmissions.hu\/voluntary\/?page_id=132"},"modified":"2023-02-14T22:40:47","modified_gmt":"2023-02-14T22:40:47","slug":"cagliero-11","status":"publish","type":"page","link":"https:\/\/salesianmissions.hu\/voluntary\/cagliero-11\/","title":{"rendered":"Cagliero 11"},"content":{"rendered":"<div class=\"wp-block-image is-style-default\">\n<figure class=\"aligncenter size-medium\"><img decoding=\"async\" loading=\"lazy\" width=\"300\" height=\"300\" src=\"http:\/\/salesianmissions.hu\/voluntary\/wp-content\/uploads\/2020\/10\/Zitat-Weisheit-Wuste-Facebook-Post-300x300.png\" alt=\"\" class=\"wp-image-133\" srcset=\"https:\/\/salesianmissions.hu\/voluntary\/wp-content\/uploads\/2020\/10\/Zitat-Weisheit-Wuste-Facebook-Post-300x300.png 300w, https:\/\/salesianmissions.hu\/voluntary\/wp-content\/uploads\/2020\/10\/Zitat-Weisheit-Wuste-Facebook-Post-150x150.png 150w\" sizes=\"(max-width: 300px) 100vw, 300px\" \/><\/figure><\/div>\n\n\n<div class=\"is-layout-flow wp-block-group\"><div class=\"wp-block-group__inner-container\">\n<p class=\"has-text-align-center\">A Szal\u00e9zi Misszi\u00f3s Bizotts\u00e1g h\u00edrlevele magyarul<\/p>\n\n\n\n<p class=\"has-text-align-center\">&#8212; &#8212;<\/p>\n<\/div><\/div>\n\n\n<ul class=\"wp-block-latest-posts__list has-dates cagliero11_post wp-block-latest-posts has-medium-font-size\"><li><div class=\"wp-block-latest-posts__featured-image alignright\"><a href=\"https:\/\/salesianmissions.hu\/voluntary\/2023\/11\/30\/cagliero-11-2023-november-179-szam\/\" aria-label=\"Cagliero 11- 2023 november- 179. sz\u00e1m\"><img width=\"300\" height=\"300\" src=\"https:\/\/salesianmissions.hu\/voluntary\/wp-content\/uploads\/2023\/11\/image-2-300x300.png\" class=\"attachment-medium size-medium wp-post-image\" alt=\"\" decoding=\"async\" loading=\"lazy\" style=\"max-width:300px;max-height:300px;\" srcset=\"https:\/\/salesianmissions.hu\/voluntary\/wp-content\/uploads\/2023\/11\/image-2-300x300.png 300w, https:\/\/salesianmissions.hu\/voluntary\/wp-content\/uploads\/2023\/11\/image-2-150x150.png 150w, https:\/\/salesianmissions.hu\/voluntary\/wp-content\/uploads\/2023\/11\/image-2-800x800.png 800w\" sizes=\"(max-width: 300px) 100vw, 300px\" \/><\/a><\/div><a class=\"wp-block-latest-posts__post-title\" href=\"https:\/\/salesianmissions.hu\/voluntary\/2023\/11\/30\/cagliero-11-2023-november-179-szam\/\">Cagliero 11- 2023 november- 179. sz\u00e1m<\/a><time datetime=\"2023-11-30T19:28:23+00:00\" class=\"wp-block-latest-posts__post-date\">2023.11.30.<\/time><div class=\"wp-block-latest-posts__post-excerpt\">Kedves Bar\u00e1taim! \u00dcdv\u00f6zlet M\u00e1lt\u00e1r\u00f3l. Eur\u00f3pa t\u00f6rt\u00e9nelm\u00e9ben M\u00e1lta sz\u00e1mos hatalom keresztez\u0151d\u00e9s\u00e9ben \u00e1llt, amelyek 1964-ig, a f\u00fcggetlens\u00e9g\u00fcnk elnyer\u00e9s\u00e9ig megsz\u00e1llt\u00e1k a szigetet. Nyelv\u00fcnk \u00e9s csal\u00e1dneveink a megsz\u00e1ll\u00f3k hossz\u00fa sor\u00e1r\u00f3l tan\u00faskodnak. Ez a t\u00f6rt\u00e9nelem a m\u00e1ltai emberek DNS-\u00e9ben a tal\u00e1lkoz\u00e1s \u00e9s a soksz\u00edn\u0171s\u00e9g ir\u00e1nti vonzalom. Fr. Roberto Falzon, SDB https:\/\/salesianmissions.hu\/voluntary\/wp-content\/uploads\/2023\/11\/2023.11-Cg11_hun.pdf<\/div><\/li>\n<li><div class=\"wp-block-latest-posts__featured-image alignright\"><a href=\"https:\/\/salesianmissions.hu\/voluntary\/2023\/11\/30\/cagliero-11-2023-oktober-178-szam\/\" aria-label=\"Cagliero 11- 2023 okt\u00f3ber- 178.sz\u00e1m\"><img width=\"300\" height=\"300\" src=\"https:\/\/salesianmissions.hu\/voluntary\/wp-content\/uploads\/2023\/11\/image-1-300x300.png\" class=\"attachment-medium size-medium wp-post-image\" alt=\"\" decoding=\"async\" loading=\"lazy\" style=\"max-width:300px;max-height:300px;\" srcset=\"https:\/\/salesianmissions.hu\/voluntary\/wp-content\/uploads\/2023\/11\/image-1-300x300.png 300w, https:\/\/salesianmissions.hu\/voluntary\/wp-content\/uploads\/2023\/11\/image-1-150x150.png 150w\" sizes=\"(max-width: 300px) 100vw, 300px\" \/><\/a><\/div><a class=\"wp-block-latest-posts__post-title\" href=\"https:\/\/salesianmissions.hu\/voluntary\/2023\/11\/30\/cagliero-11-2023-oktober-178-szam\/\">Cagliero 11- 2023 okt\u00f3ber- 178.sz\u00e1m<\/a><time datetime=\"2023-11-30T19:20:30+00:00\" class=\"wp-block-latest-posts__post-date\">2023.11.30.<\/time><div class=\"wp-block-latest-posts__post-excerpt\">Kedves bar\u00e1taim! A b\u00e9ke \u00fcdv\u00f6zlet\u00e9t k\u00fcld\u00f6m Kambodzs\u00e1b\u00f3l! K\u00f6zben Szent P\u00e1l szavai jutnak eszembe az 1Kor 13,4-7-ben: &#8222;A szeretet t\u00fcrelmes, a szeretet j\u00f3s\u00e1gos&#8230; a szeretet mindent elvisel&#8221;. Ez \u00e1ltal\u00e1ban k\u00f6nny\u0171, amikor a r\u00e1nk b\u00edzott fiatalokr\u00f3l van sz\u00f3, de viszonylag f\u00e1rads\u00e1gosabb, amikor saj\u00e1t magunkr\u00f3l, testv\u00e9reinkr\u0151l, rendt\u00e1rsainkr\u00f3l vagy vil\u00e1gi misszi\u00f3s munkat\u00e1rsainkr\u00f3l van sz\u00f3. Fr. Arun Michael Charles, SDB<\/div><\/li>\n<li><div class=\"wp-block-latest-posts__featured-image alignright\"><a href=\"https:\/\/salesianmissions.hu\/voluntary\/2021\/01\/05\/szalezi-gondolatok-szent-jozsefrol\/\" aria-label=\"Szal\u00e9zi gondolatok Szent J\u00f3zsefr\u0151l\"><img width=\"300\" height=\"300\" src=\"https:\/\/salesianmissions.hu\/voluntary\/wp-content\/uploads\/2021\/01\/Szalezi-gondolatok-szent-Jozsefrol-300x300.png\" class=\"attachment-medium size-medium wp-post-image\" alt=\"\" decoding=\"async\" loading=\"lazy\" style=\"max-width:300px;max-height:300px;\" srcset=\"https:\/\/salesianmissions.hu\/voluntary\/wp-content\/uploads\/2021\/01\/Szalezi-gondolatok-szent-Jozsefrol-300x300.png 300w, https:\/\/salesianmissions.hu\/voluntary\/wp-content\/uploads\/2021\/01\/Szalezi-gondolatok-szent-Jozsefrol-150x150.png 150w\" sizes=\"(max-width: 300px) 100vw, 300px\" \/><\/a><\/div><a class=\"wp-block-latest-posts__post-title\" href=\"https:\/\/salesianmissions.hu\/voluntary\/2021\/01\/05\/szalezi-gondolatok-szent-jozsefrol\/\">Szal\u00e9zi gondolatok Szent J\u00f3zsefr\u0151l<\/a><time datetime=\"2021-01-05T18:38:08+00:00\" class=\"wp-block-latest-posts__post-date\">2021.01.05.<\/time><div class=\"wp-block-latest-posts__post-excerpt\">Kedves Szal\u00e9zi Misszi\u00f3s \u00d6nk\u00e9ntesek! Szent J\u00f3zsefnek, a T\u00e1rsas\u00e1gunk p\u00e1rtfog\u00f3j\u00e1nak szentelt \u00e9vben vagyunk. Az \u00faj\u00e9v kezdet\u00e9n szent J\u00f3zsef szem\u00e9ly\u00e9re \u00f6sszpontos\u00edtva figyelj\u00fcnk az \u0151 csendes besz\u00e9d\u00e9re.&nbsp;&nbsp; A munk\u00e1sok v\u00e9d\u0151szentje, az \u00e1lom embere, J\u00e9zus nevel\u0151je, Szent J\u00f3zsef tulajdons\u00e1gai felfedezhet\u0151ek Bosco szent J\u00e1nos aty\u00e1nkban is. K\u00fcld\u00f6m a Szent J\u00f3zsefr\u0151l sz\u00f3l\u00f3 szal\u00e9zi gondolatokat. http:\/\/salesianmissions.hu\/voluntary\/wp-content\/uploads\/2021\/01\/Szent-Jozsef.pdf Kegyelemben gazdag \u00faj \u00e9vet k\u00edv\u00e1nok! Don<\/div><\/li>\n<li><div class=\"wp-block-latest-posts__featured-image alignright\"><a href=\"https:\/\/salesianmissions.hu\/voluntary\/2020\/12\/15\/cagliero-11-2020-december-sz-109\/\" aria-label=\"Cagliero 11 &#8211; 2020 december &#8211; sz. 109\"><img width=\"300\" height=\"300\" src=\"https:\/\/salesianmissions.hu\/voluntary\/wp-content\/uploads\/2020\/12\/decemberi-misszios-szandek-300x300.png\" class=\"attachment-medium size-medium wp-post-image\" alt=\"\" decoding=\"async\" loading=\"lazy\" style=\"max-width:300px;max-height:300px;\" srcset=\"https:\/\/salesianmissions.hu\/voluntary\/wp-content\/uploads\/2020\/12\/decemberi-misszios-szandek-300x300.png 300w, https:\/\/salesianmissions.hu\/voluntary\/wp-content\/uploads\/2020\/12\/decemberi-misszios-szandek-150x150.png 150w\" sizes=\"(max-width: 300px) 100vw, 300px\" \/><\/a><\/div><a class=\"wp-block-latest-posts__post-title\" href=\"https:\/\/salesianmissions.hu\/voluntary\/2020\/12\/15\/cagliero-11-2020-december-sz-109\/\">Cagliero 11 &#8211; 2020 december &#8211; sz. 109<\/a><time datetime=\"2020-12-15T07:40:05+00:00\" class=\"wp-block-latest-posts__post-date\">2020.12.15.<\/time><div class=\"wp-block-latest-posts__post-excerpt\">A kar\u00e1csony \u00fczenete: Krisztus. Kar\u00e1csony nem lehet J\u00e9zus Krisztus n\u00e9lk\u00fcl! A kar\u00e1csony \u00fcnnepe csal\u00e1di \u00fcnnep, amelyet csal\u00e1dban, k\u00f6z\u00f6ss\u00e9gekben, int\u00e9zm\u00e9nyekben, k\u00fcl\u00f6n\u00f6sen a pl\u00e9b\u00e1ni\u00e1kon \u00fcnnepelj\u00fcnk!&nbsp;A szal\u00e9zi csal\u00e1d nemcsak int\u00e9zm\u00e9nyekb\u0151l \u00e1ll, hanem a Krisztush\u00edv\u0151k k\u00f6z\u00f6ss\u00e9geib\u0151l \u00e1ll\u00f3 pl\u00e9b\u00e1ni\u00e1kb\u00f3l is.&nbsp;Mi mindny\u00e1jan valamilyen pl\u00e9b\u00e1ni\u00e1hoz k\u00f6t\u0151d\u0151 k\u00f6z\u00f6ss\u00e9ghez tartozunk. A pl\u00e9b\u00e1nia saj\u00e1t lelkip\u00e1sztora, a pl\u00e9b\u00e1nos az\u00e9rt tesz sokat, hogy val\u00f3di k\u00f6z\u00f6ss\u00e9g \u00e9p\u00fclj\u00f6n az<\/div><\/li>\n<li><div class=\"wp-block-latest-posts__featured-image alignright\"><a href=\"https:\/\/salesianmissions.hu\/voluntary\/2020\/10\/18\/cagliero-11-2018-januar-sz-109\/\" aria-label=\"Cagliero 11 &#8211; 2018 janu\u00e1r &#8211; sz. 109\"><img width=\"300\" height=\"300\" src=\"https:\/\/salesianmissions.hu\/voluntary\/wp-content\/uploads\/2020\/10\/image-12-300x300.png\" class=\"attachment-medium size-medium wp-post-image\" alt=\"\" decoding=\"async\" loading=\"lazy\" style=\"max-width:300px;max-height:300px;\" srcset=\"https:\/\/salesianmissions.hu\/voluntary\/wp-content\/uploads\/2020\/10\/image-12-300x300.png 300w, https:\/\/salesianmissions.hu\/voluntary\/wp-content\/uploads\/2020\/10\/image-12-150x150.png 150w\" sizes=\"(max-width: 300px) 100vw, 300px\" \/><\/a><\/div><a class=\"wp-block-latest-posts__post-title\" href=\"https:\/\/salesianmissions.hu\/voluntary\/2020\/10\/18\/cagliero-11-2018-januar-sz-109\/\">Cagliero 11 &#8211; 2018 janu\u00e1r &#8211; sz. 109<\/a><time datetime=\"2020-10-18T05:56:20+00:00\" class=\"wp-block-latest-posts__post-date\">2020.10.18.<\/time><div class=\"wp-block-latest-posts__post-excerpt\">Kedves \u00d6nk\u00e9ntesek! A janu\u00e1r h\u00f3nap a szal\u00e9ziak h\u00f3napja, most els\u0151 alkalommal \u00fcnnepelhetj\u00fck Boldog Titus Zeman szal\u00e9zi aty\u00e1t janu\u00e1r 8-\u00e1n, aki a kommunista diktat\u00fara alatt szal\u00e9zi kispapokat seg\u00edtett k\u00fclf\u00f6ldre, ezzel&nbsp;megadva nekik a lehet\u0151s\u00e9get, hogy elk\u00f6telez\u0151dhessenek az \u00darnak. K\u00e9rhetj\u00fck a hivat\u00e1sok v\u00e9rtan\u00faj\u00e1nak k\u00f6zbenj\u00e1r\u00e1s\u00e1t az \u00faj hivat\u00e1sok\u00e9rt. Boldog Luigi Variara a lepr\u00e1sok apostola (eml\u00e9knapja janu\u00e1r 15-\u00e9n), aki Don<\/div><\/li>\n<li><div class=\"wp-block-latest-posts__featured-image alignright\"><a href=\"https:\/\/salesianmissions.hu\/voluntary\/2020\/10\/17\/271\/\" aria-label=\"Cagliero 11 &#8211; 2017 december sz. 108\"><img width=\"300\" height=\"300\" src=\"https:\/\/salesianmissions.hu\/voluntary\/wp-content\/uploads\/2020\/10\/image-11-300x300.png\" class=\"attachment-medium size-medium wp-post-image\" alt=\"\" decoding=\"async\" loading=\"lazy\" style=\"max-width:300px;max-height:300px;\" srcset=\"https:\/\/salesianmissions.hu\/voluntary\/wp-content\/uploads\/2020\/10\/image-11-300x300.png 300w, https:\/\/salesianmissions.hu\/voluntary\/wp-content\/uploads\/2020\/10\/image-11-150x150.png 150w\" sizes=\"(max-width: 300px) 100vw, 300px\" \/><\/a><\/div><a class=\"wp-block-latest-posts__post-title\" href=\"https:\/\/salesianmissions.hu\/voluntary\/2020\/10\/17\/271\/\">Cagliero 11 &#8211; 2017 december sz. 108<\/a><time datetime=\"2020-10-17T22:07:20+00:00\" class=\"wp-block-latest-posts__post-date\">2020.10.17.<\/time><div class=\"wp-block-latest-posts__post-excerpt\">Kedves \u00d6nk\u00e9ntesek!Szepl\u0151telen Sz\u0171z M\u00e1ria \u00fcnnep\u00e9n, az orat\u00f3rium (szal\u00e9zi misszi\u00f3) sz\u00fclet\u00e9s\u00e9nek \u00e9vfordul\u00f3ja alkalm\u00e1b\u00f3l k\u00fcld\u00f6m a misszi\u00f3 h\u00edrlevel\u00e9t.K\u00e9tf\u00e9le jubileumra k\u00e9sz\u00fcl\u00fcnk.\u00a0Gratul\u00e1lunk a szal\u00e9zi n\u0151v\u00e9reknek, akik az els\u0151 misszi\u00f3s exped\u00edci\u00f3juk 140. \u00e9vfordul\u00f3j\u00e1t \u00fcnneplik.\u00a02019. okt\u00f3ber\u00e9re pedig Ferenc p\u00e1pa rendk\u00edv\u00fcli misszi\u00f3s h\u00f3napot hirdetett\u00a0XV. Benedek p\u00e1pa \u201eMaximum illud\u201d kezdet\u0171 apostoli level\u00e9nek centen\u00e1rium\u00e1ra.\u00a0\u00a0\u201eLegy\u00fcnk \u00e1lland\u00f3an misszi\u00f3s \u00e1llapotban.\u00a0L\u00e9pj\u00fcnk t\u00fal a nemzeti hat\u00e1rokon b\u00f6lcsess\u00e9ggel, pr\u00f3f\u00e9tai b\u00e1tors\u00e1ggal<\/div><\/li>\n<\/ul>\n\n\n<hr class=\"wp-block-separator has-css-opacity\"\/>\n\n\n\n<p class=\"has-black-color has-cyan-bluish-gray-background-color has-text-color has-background\"><\/p>\n","protected":false},"excerpt":{"rendered":"<p>A Szal\u00e9zi Misszi\u00f3s Bizotts\u00e1g h\u00edrlevele magyarul &#8212; &#8212;<\/p>\n","protected":false},"author":2,"featured_media":0,"parent":0,"menu_order":0,"comment_status":"closed","ping_status":"closed","template":"","meta":[],"_links":{"self":[{"href":"https:\/\/salesianmissions.hu\/voluntary\/wp-json\/wp\/v2\/pages\/132"}],"collection":[{"href":"https:\/\/salesianmissions.hu\/voluntary\/wp-json\/wp\/v2\/pages"}],"about":[{"href":"https:\/\/salesianmissions.hu\/voluntary\/wp-json\/wp\/v2\/types\/page"}],"author":[{"embeddable":true,"href":"https:\/\/salesianmissions.hu\/voluntary\/wp-json\/wp\/v2\/users\/2"}],"replies":[{"embeddable":true,"href":"https:\/\/salesianmissions.hu\/voluntary\/wp-json\/wp\/v2\/comments?post=132"}],"version-history":[{"count":70,"href":"https:\/\/salesianmissions.hu\/voluntary\/wp-json\/wp\/v2\/pages\/132\/revisions"}],"predecessor-version":[{"id":661,"href":"https:\/\/salesianmissions.hu\/voluntary\/wp-json\/wp\/v2\/pages\/132\/revisions\/661"}],"wp:attachment":[{"href":"https:\/\/salesianmissions.hu\/voluntary\/wp-json\/wp\/v2\/media?parent=132"}],"curies":[{"name":"wp","href":"https:\/\/api.w.org\/{rel}","templated":true}]}}