{"id":3,"date":"2020-06-03T21:29:09","date_gmt":"2020-06-03T21:29:09","guid":{"rendered":"http:\/\/salesianmissions.hu\/voluntary\/?page_id=3"},"modified":"2020-10-17T17:38:34","modified_gmt":"2020-10-17T17:38:34","slug":"adatkezelesi-tajekoztato","status":"publish","type":"page","link":"https:\/\/salesianmissions.hu\/voluntary\/adatkezelesi-tajekoztato\/","title":{"rendered":"Adatv\u00e9delmi ir\u00e1nyelvek"},"content":{"rendered":"\n<h2>Kik vagyunk? &#8211; Szal\u00e9zi Misszi\u00f3s \u00d6nk\u00e9ntesek<\/h2>\n\n\n\n<p>Szal\u00e9zi Misszi\u00f3s \u00d6nk\u00e9ntesek<\/p>\n\n\n\n<p>A Don Bosco Szal\u00e9zi T\u00e1rsas\u00e1ga Szent Istv\u00e1nr\u00f3l elnevezett Magyar Szal\u00e9zi Tartom\u00e1ny (1032 Budapest, B\u00e9csi \u00fat 173.) \u00e1ltal l\u00e9trehozott ifjus\u00e1gi bizotts\u00e1g.<br>A bizotts\u00e1g vezet\u0151je De Rossi Raja SDB.<br>C\u00e9lunk a magyar \u00e9s k\u00fclf\u00f6ldi fiatalkkal megismertetni a Magyar Szal\u00e9ziak misszi\u00f3s tev\u00e9kenys\u00e9g\u00e9t, \u00e9s bevonni \u0151ket a misszi\u00f3s munk\u00e1ba magyarorsz\u00e1gon \u00e9s k\u00fclf\u00f6ld\u00f6n.<\/p>\n\n\n\n<p>A weboldalunk c\u00edme: http:\/\/salesianmissions.hu\/voluntary.<\/p>\n\n\n\n<h2>Melyek azok a szem\u00e9lyes adatok, amiket gy\u0171jt\u00fcnk \u00e9s milyen c\u00e9llal gy\u0171jtj\u00fck ezeket<\/h2>\n\n\n\n<h3>Kapcsolatfelv\u00e9teli \u0171rlap &#8211; Cagliero 11<\/h3>\n\n\n\n<p>Honlapunkon kapcsolatfelv\u00e9teli \u0171rlapokon a l\u00e1togat\u00f3k \u00f6nk\u00e9ntesen megadhatj\u00e1knev\u00fcket \u00e9s  e-mail c\u00edm\u00fcket. Ez alapj\u00e1n szerkeszt\u0151s\u00e9g\u00fcnk a h\u00edrlev\u00e9l megjelen\u00e9sekor a megadott c\u00edmre h\u00edrlevelet k\u00fcld. <br>A kik\u00fcld\u00f6tt h\u00edrlev\u00e9lr\u0151l v\u00e1lasz e-mail-ben b\u00e1rmikor le lehet iratkozni.<\/p>\n\n\n\n<h3>Hozz\u00e1sz\u00f3l\u00e1sok<\/h3>\n\n\n\n<p>Nem lehets\u00e9ges az oldalon hozz\u00e1sz\u00f3l\u00e1st \u00edrni.<\/p>\n\n\n\n<h3>M\u00e9dia<\/h3>\n\n\n\n<p>Nem lehets\u00e9ges az oldalon m\u00e9diatartalmat felt\u00f6lteni.<\/p>\n\n\n\n<h3>S\u00fctik<\/h3>\n\n\n\n<p>A l\u00e1togat\u00f3kt\u00f3l nem gy\u0171jt s\u00fctiket az oldal.<\/p>\n\n\n\n<h3>M\u00e1s honlapokr\u00f3l sz\u00e1rmaz\u00f3 be\u00e1gyazott tartalmak<\/h3>\n\n\n\n<p>A honlapon el\u00e9rhet\u0151 bejegyz\u00e9sek k\u00fcls\u0151 forr\u00e1sb\u00f3l sz\u00e1rmaz\u00f3 be\u00e1gyazott tartalmakat (pl. vide\u00f3k, k\u00e9pek, cikkek stb.) haszn\u00e1lhatnak. A k\u00fcls\u0151 forr\u00e1sb\u00f3l sz\u00e1rmaz\u00f3 be\u00e1gyazott tartalmak pontosan \u00fagy viselkednek, mintha megl\u00e1togattunk volna egy m\u00e1sik honlapot.<\/p>\n\n\n\n<p>Ezek a webhelyek lehets\u00e9ges, hogy adatot gy\u0171jtenek a l\u00e1togat\u00f3kr\u00f3l, s\u00fctiket vagy harmadik f\u00e9lt\u0151l sz\u00e1rmaz\u00f3 k\u00f6vet\u0151k\u00f3dot haszn\u00e1lnak, figyelik a be\u00e1gyazott tartalommal kapcsolatos felhaszn\u00e1l\u00f3i viselked\u00e9st, ha rendelkez\u00fcnk felhaszn\u00e1l\u00f3i fi\u00f3kkal \u00e9s be vagyunk jelentkezve az oldalra.<\/p>\n\n\n\n<h3>Analitika<\/h3>\n\n\n\n<p>A l\u00e1togatotts\u00e1gelemz\u00e9st nem v\u00e9gz\u00fcnk harmadik f\u00e9l \u00e1ltal k\u00edn\u00e1lt eszk\u00f6z\u00f6kkel.<\/p>\n\n\n\n<h2>Kivel osztjuk meg a felhaszn\u00e1l\u00f3i adatokat<\/h2>\n\n\n\n<p>Nem osztjuk meg a honlapra ker\u00fclt adatokat harmadik f\u00e9llel, a megadott kapcsolattart\u00e1si adatokat kapcsolattart\u00e1s c\u00e9lj\u00e1b\u00f3l haszn\u00e1ljuk.<\/p>\n\n\n\n<h2>Mennyi ideig \u0151rizz\u00fck a szem\u00e9lyes adatot<\/h2>\n\n\n\n<p>Az \u00f6nk\u00e9ntesen megadott szem\u00e9lyes adatokat (N\u00e9v, E-mail)  visszavon\u00e1sig \u0151rizz\u00fck. <\/p>\n\n\n\n<h2>Milyen jogokkal rendelkezik a felhaszn\u00e1l\u00f3 a saj\u00e1t adatai kapcs\u00e1n<\/h2>\n\n\n\n<p>A weboldalon regisztr\u00e1lt fi\u00f3k vagy hozz\u00e1sz\u00f3l\u00e1s \u00edr\u00e1sa eset\u00e9n k\u00e9rhet\u0151 a szem\u00e9lyes adatok export f\u00e1jlban t\u00f6rt\u00e9n\u0151 megk\u00fcld\u00e9se, amely b\u00e1rmilyen adatot tartalmaz, amit kor\u00e1bban a felhaszn\u00e1l\u00f3 rendelkez\u00e9s\u00fcnkre bocs\u00e1tott. K\u00e9rhet\u0151 tov\u00e1bb\u00e1, hogy b\u00e1rmilyen kor\u00e1bban megadott szem\u00e9lyes adatot t\u00f6r\u00f6lj\u00fck. Ez nem vonatkozik azokra az adatokra, amelyeket adminisztr\u00e1ci\u00f3s, jogi vagy biztons\u00e1gi okokb\u00f3l k\u00f6telez\u0151 meg\u0151rizn\u00fcnk.<\/p>\n\n\n\n<h2>Hov\u00e1 tov\u00e1bb\u00edtjuk az adatokat<\/h2>\n\n\n\n<p>A l\u00e1togat\u00f3k \u00e1ltal bek\u00fcld\u00f6tt hozz\u00e1sz\u00f3l\u00e1sokat automatikus spamsz\u0171r\u0151 szolg\u00e1ltat\u00e1s ellen\u0151rizheti. <br>Az adatokat harmadik f\u00e9l sz\u00e1m\u00e1ra nem tov\u00e1bb\u00edtjuk.<\/p>\n\n\n\n<h2>Kapcsolati adatok<\/h2>\n\n\n\n<p><strong>Szal\u00e9zi Misszi\u00f3s \u00d6nk\u00e9ntesek<\/strong><br>Baj\u00f3t, P\u00e9lif\u00f6ldszentkereszt, 2533 Magyarorsz\u00e1g<br>derossisdb@gmail.com<br>+3620\/ 539-5515<br>Honlappal kapcsolatos k\u00e9rd\u00e9se eset\u00e9n \u00edrjon nek\u00fcnk a skubmark@gmail.com e-mail c\u00edmre.<\/p>\n","protected":false},"excerpt":{"rendered":"<p>Kik vagyunk? &#8211; Szal\u00e9zi Misszi\u00f3s \u00d6nk\u00e9ntesek Szal\u00e9zi Misszi\u00f3s \u00d6nk\u00e9ntesek A Don Bosco Szal\u00e9zi T\u00e1rsas\u00e1ga Szent Istv\u00e1nr\u00f3l elnevezett Magyar Szal\u00e9zi Tartom\u00e1ny (1032 Budapest, B\u00e9csi \u00fat 173.)<\/p>\n","protected":false},"author":1,"featured_media":0,"parent":0,"menu_order":0,"comment_status":"closed","ping_status":"open","template":"","meta":[],"_links":{"self":[{"href":"https:\/\/salesianmissions.hu\/voluntary\/wp-json\/wp\/v2\/pages\/3"}],"collection":[{"href":"https:\/\/salesianmissions.hu\/voluntary\/wp-json\/wp\/v2\/pages"}],"about":[{"href":"https:\/\/salesianmissions.hu\/voluntary\/wp-json\/wp\/v2\/types\/page"}],"author":[{"embeddable":true,"href":"https:\/\/salesianmissions.hu\/voluntary\/wp-json\/wp\/v2\/users\/1"}],"replies":[{"embeddable":true,"href":"https:\/\/salesianmissions.hu\/voluntary\/wp-json\/wp\/v2\/comments?post=3"}],"version-history":[{"count":2,"href":"https:\/\/salesianmissions.hu\/voluntary\/wp-json\/wp\/v2\/pages\/3\/revisions"}],"predecessor-version":[{"id":194,"href":"https:\/\/salesianmissions.hu\/voluntary\/wp-json\/wp\/v2\/pages\/3\/revisions\/194"}],"wp:attachment":[{"href":"https:\/\/salesianmissions.hu\/voluntary\/wp-json\/wp\/v2\/media?parent=3"}],"curies":[{"name":"wp","href":"https:\/\/api.w.org\/{rel}","templated":true}]}}

Adatvédelmi irányelvek

<h2>Kik vagyunk? &#8211; Szalézi Missziós Önkéntesek</h2>



<p>Szalézi Missziós Önkéntesek</p>



<p>A Don Bosco Szalézi Társasága Szent Istvánról elnevezett Magyar Szalézi Tartomány (1032 Budapest, Bécsi út 173.) által létrehozott ifjusági bizottság.<br>A bizottság vezetője De Rossi Raja SDB.<br>Célunk a magyar és külföldi fiatalkkal megismertetni a Magyar Szaléziak missziós tevékenységét, és bevonni őket a missziós munkába magyarországon és külföldön.</p>



<p>A weboldalunk címe: http://salesianmissions.hu/voluntary.</p>



<h2>Melyek azok a személyes adatok, amiket gyűjtünk és milyen céllal gyűjtjük ezeket</h2>



<h3>Kapcsolatfelvételi űrlap &#8211; Cagliero 11</h3>



<p>Honlapunkon kapcsolatfelvételi űrlapokon a látogatók önkéntesen megadhatjáknevüket és  e-mail címüket. Ez alapján szerkesztőségünk a hírlevél megjelenésekor a megadott címre hírlevelet küld. <br>A kiküldött hírlevélről válasz e-mail-ben bármikor le lehet iratkozni.</p>



<h3>Hozzászólások</h3>



<p>Nem lehetséges az oldalon hozzászólást írni.</p>



<h3>Média</h3>



<p>Nem lehetséges az oldalon médiatartalmat feltölteni.</p>



<h3>Sütik</h3>



<p>A látogatóktól nem gyűjt sütiket az oldal.</p>



<h3>Más honlapokról származó beágyazott tartalmak</h3>



<p>A honlapon elérhető bejegyzések külső forrásból származó beágyazott tartalmakat (pl. videók, képek, cikkek stb.) használhatnak. A külső forrásból származó beágyazott tartalmak pontosan úgy viselkednek, mintha meglátogattunk volna egy másik honlapot.</p>



<p>Ezek a webhelyek lehetséges, hogy adatot gyűjtenek a látogatókról, sütiket vagy harmadik féltől származó követőkódot használnak, figyelik a beágyazott tartalommal kapcsolatos felhasználói viselkedést, ha rendelkezünk felhasználói fiókkal és be vagyunk jelentkezve az oldalra.</p>



<h3>Analitika</h3>



<p>A látogatottságelemzést nem végzünk harmadik fél által kínált eszközökkel.</p>



<h2>Kivel osztjuk meg a felhasználói adatokat</h2>



<p>Nem osztjuk meg a honlapra került adatokat harmadik féllel, a megadott kapcsolattartási adatokat kapcsolattartás céljából használjuk.</p>



<h2>Mennyi ideig őrizzük a személyes adatot</h2>



<p>Az önkéntesen megadott személyes adatokat (Név, E-mail)  visszavonásig őrizzük. </p>



<h2>Milyen jogokkal rendelkezik a felhasználó a saját adatai kapcsán</h2>



<p>A weboldalon regisztrált fiók vagy hozzászólás írása esetén kérhető a személyes adatok export fájlban történő megküldése, amely bármilyen adatot tartalmaz, amit korábban a felhasználó rendelkezésünkre bocsátott. Kérhető továbbá, hogy bármilyen korábban megadott személyes adatot töröljük. Ez nem vonatkozik azokra az adatokra, amelyeket adminisztrációs, jogi vagy biztonsági okokból kötelező megőriznünk.</p>



<h2>Hová továbbítjuk az adatokat</h2>



<p>A látogatók által beküldött hozzászólásokat automatikus spamszűrő szolgáltatás ellenőrizheti. <br>Az adatokat harmadik fél számára nem továbbítjuk.</p>



<h2>Kapcsolati adatok</h2>



<p><strong>Szalézi Missziós Önkéntesek</strong><br>Bajót, Péliföldszentkereszt, 2533 Magyarország<br>derossisdb@gmail.com<br>+3620/ 539-5515<br>Honlappal kapcsolatos kérdése esetén írjon nekünk a skubmark@gmail.com e-mail címre.</p>

<p>Kik vagyunk? &#8211; Szalézi Missziós Önkéntesek Szalézi Missziós Önkéntesek A Don Bosco Szalézi Társasága Szent Istvánról elnevezett Magyar Szalézi Tartomány (1032 Budapest, Bécsi út 173.)</p>
