{"id":320,"date":"2020-10-18T06:53:41","date_gmt":"2020-10-18T06:53:41","guid":{"rendered":"http:\/\/salesianmissions.hu\/voluntary\/?page_id=320"},"modified":"2023-02-13T22:41:46","modified_gmt":"2023-02-13T22:41:46","slug":"kepzes","status":"publish","type":"page","link":"https:\/\/salesianmissions.hu\/voluntary\/kepzes\/","title":{"rendered":"K\u00e9pz\u00e9s"},"content":{"rendered":"\n<p>A Misszi\u00f3s \u00d6nk\u00e9ntesek k\u00fcldet\u00e9s\u00fck el\u0151tt 3-6 alkalomb\u00f3l \u00e1ll\u00f3 k\u00e9pz\u00e9sen vesznek r\u00e9szt, mely sor\u00e1n megismerik a c\u00e9lhely k\u00fcl\u00f6nlegess\u00e9geit, felk\u00e9sz\u00fclnek a misszi\u00f3s feladat neh\u00e9zs\u00e9geire, kidolgozz\u00e1k a saj\u00e1t er\u0151ss\u00e9geiket, \u00e9s felt\u00f6lt\u0151dnek a szal\u00e9zi lelkis\u00e9g forr\u00e1saib\u00f3l.<\/p>\n\n\n\n<h3>K\u00e9pz\u00e9si alkalmak 2023 tavasz\u00e1n:<\/h3>\n\n\n\n<ul><li>janu\u00e1r 27- 28 szombat &#8211; k\u00e9pz\u00e9s + tartom\u00e1nyi \u00fcnnep \ud83d\ude00<\/li><li>febru\u00e1r 25. k\u00e9pz\u00e9s<\/li><li>m\u00e1rcius 31- \u00e1prilis 2. &#8211; lelkinapok + k\u00e9pz\u00e9s<\/li><li>\u00e1prilis 21-23. k\u00e9pz\u00e9s (zar\u00e1ndoklat)<\/li><li>m\u00e1jus 6-7 &#8211; k\u00e9pz\u00e9s<\/li><li>j\u00fanius 17. &#8211; k\u00e9pz\u00e9s<\/li><\/ul>\n\n\n\n<hr class=\"wp-block-separator\"\/>\n\n\n\n<h3>T\u00e9mak\u00f6r\u00f6k<\/h3>\n\n\n\n<ul><li><a href=\"http:\/\/szalim.hu\/mozgalom\/a-szalezi-oratorium\/\">Szal\u00e9zi lelkis\u00e9g<\/a><\/li><li>\u00d6nismeret &#8211; szem\u00e9lyis\u00e9gfejleszt\u00e9s<\/li><li>A c\u00e9lhely\/projekt megismer\u00e9se<\/li><li>\u00d6nismeret &#8211; v\u00e1rhat\u00f3 kih\u00edv\u00e1sok \u00e9s neh\u00e9zs\u00e9gek lek\u0171zd\u00e9se<\/li><li>Nyelvtanul\u00e1s<\/li><li>Szal\u00e9zi lelkis\u00e9g &#8211; im\u00e1ds\u00e1g<\/li><\/ul>\n\n\n\n<hr class=\"wp-block-separator\"\/>\n\n\n\n<h3><a href=\"http:\/\/salesianmissions.hu\/voluntary\/jelentkezes\/\" data-type=\"page\" data-id=\"506\">Jelentkezem<\/a><\/h3>\n\n\n\n<p><\/p>\n","protected":false},"excerpt":{"rendered":"<p>A Misszi\u00f3s \u00d6nk\u00e9ntesek k\u00fcldet\u00e9s\u00fck el\u0151tt 3-6 alkalomb\u00f3l \u00e1ll\u00f3 k\u00e9pz\u00e9sen vesznek r\u00e9szt, mely sor\u00e1n megismerik a c\u00e9lhely k\u00fcl\u00f6nlegess\u00e9geit, felk\u00e9sz\u00fclnek a misszi\u00f3s feladat neh\u00e9zs\u00e9geire, kidolgozz\u00e1k a saj\u00e1t<\/p>\n","protected":false},"author":2,"featured_media":0,"parent":0,"menu_order":0,"comment_status":"closed","ping_status":"closed","template":"","meta":[],"_links":{"self":[{"href":"https:\/\/salesianmissions.hu\/voluntary\/wp-json\/wp\/v2\/pages\/320"}],"collection":[{"href":"https:\/\/salesianmissions.hu\/voluntary\/wp-json\/wp\/v2\/pages"}],"about":[{"href":"https:\/\/salesianmissions.hu\/voluntary\/wp-json\/wp\/v2\/types\/page"}],"author":[{"embeddable":true,"href":"https:\/\/salesianmissions.hu\/voluntary\/wp-json\/wp\/v2\/users\/2"}],"replies":[{"embeddable":true,"href":"https:\/\/salesianmissions.hu\/voluntary\/wp-json\/wp\/v2\/comments?post=320"}],"version-history":[{"count":5,"href":"https:\/\/salesianmissions.hu\/voluntary\/wp-json\/wp\/v2\/pages\/320\/revisions"}],"predecessor-version":[{"id":522,"href":"https:\/\/salesianmissions.hu\/voluntary\/wp-json\/wp\/v2\/pages\/320\/revisions\/522"}],"wp:attachment":[{"href":"https:\/\/salesianmissions.hu\/voluntary\/wp-json\/wp\/v2\/media?parent=320"}],"curies":[{"name":"wp","href":"https:\/\/api.w.org\/{rel}","templated":true}]}}

Képzés

<p>A Missziós Önkéntesek küldetésük előtt 3-6 alkalomból álló képzésen vesznek részt, mely során megismerik a célhely különlegességeit, felkészülnek a missziós feladat nehézségeire, kidolgozzák a saját erősségeiket, és feltöltődnek a szalézi lelkiség forrásaiból.</p>



<h3>Képzési alkalmak 2023 tavaszán:</h3>



<ul><li>január 27- 28 szombat &#8211; képzés + tartományi ünnep 😀</li><li>február 25. képzés</li><li>március 31- április 2. &#8211; lelkinapok + képzés</li><li>április 21-23. képzés (zarándoklat)</li><li>május 6-7 &#8211; képzés</li><li>június 17. &#8211; képzés</li></ul>



<hr class="wp-block-separator"/>



<h3>Témakörök</h3>



<ul><li><a href="http://szalim.hu/mozgalom/a-szalezi-oratorium/">Szalézi lelkiség</a></li><li>Önismeret &#8211; személyiségfejlesztés</li><li>A célhely/projekt megismerése</li><li>Önismeret &#8211; várható kihívások és nehézségek lekűzdése</li><li>Nyelvtanulás</li><li>Szalézi lelkiség &#8211; imádság</li></ul>



<hr class="wp-block-separator"/>



<h3><a href="http://salesianmissions.hu/voluntary/jelentkezes/" data-type="page" data-id="506">Jelentkezem</a></h3>



<p></p>

<p>A Missziós Önkéntesek küldetésük előtt 3-6 alkalomból álló képzésen vesznek részt, mely során megismerik a célhely különlegességeit, felkészülnek a missziós feladat nehézségeire, kidolgozzák a saját</p>
