{"id":324,"date":"2020-10-18T07:38:44","date_gmt":"2020-10-18T07:38:44","guid":{"rendered":"http:\/\/salesianmissions.hu\/voluntary\/?page_id=324"},"modified":"2024-01-11T18:53:23","modified_gmt":"2024-01-11T18:53:23","slug":"rovid-kuldetes","status":"publish","type":"page","link":"https:\/\/salesianmissions.hu\/voluntary\/rovid-kuldetes\/","title":{"rendered":"R\u00f6vid k\u00fcldet\u00e9s"},"content":{"rendered":"\n<p>R\u00f6vid k\u00fcldet\u00e9sre 14-25 \u00e9ves fiatalokat ind\u00edtunk valamely k\u00fclf\u00f6ldi szal\u00e9zi k\u00f6z\u00f6ss\u00e9ghez, ahol rendszerint egy el\u0151k\u00e9sz\u00edtett 10-60 napos projektben  (ny\u00e1ri t\u00e1bor, k\u00e9pz\u00e9s, stb. ) mint seg\u00edt\u0151, j\u00e1t\u00e9kvezet\u0151, vagy r\u00e9sztvev\u0151 vesz r\u00e9szt az \u00f6nk\u00e9ntes.<\/p>\n\n\n\n<p>Aktu\u00e1lis r\u00f6vid k\u00fcldet\u00e9sek:<\/p>\n\n\n\n<figure class=\"wp-block-embed is-type-wp-embed is-provider-szalezi-misszios-onkentesek wp-block-embed-szalezi-misszios-onkentesek\"><div class=\"wp-block-embed__wrapper\">\n<blockquote class=\"wp-embedded-content\" data-secret=\"6AMQrqhccP\"><a href=\"https:\/\/salesianmissions.hu\/voluntary\/2024\/01\/11\/onkentes-lehetosegek-szloveniaban\/\">\u00d6nk\u00e9ntes lehet\u0151s\u00e9gek Szlov\u00e9ni\u00e1ban<\/a><\/blockquote><iframe class=\"wp-embedded-content\" sandbox=\"allow-scripts\" security=\"restricted\" style=\"position: absolute; clip: rect(1px, 1px, 1px, 1px);\" title=\"&#8220;\u00d6nk\u00e9ntes lehet\u0151s\u00e9gek Szlov\u00e9ni\u00e1ban&#8221; &#8212; Szal\u00e9zi Misszi\u00f3s \u00d6nk\u00e9ntesek\" src=\"https:\/\/salesianmissions.hu\/voluntary\/2024\/01\/11\/onkentes-lehetosegek-szloveniaban\/embed\/#?secret=Q3D0OUnxu9#?secret=6AMQrqhccP\" data-secret=\"6AMQrqhccP\" width=\"600\" height=\"338\" frameborder=\"0\" marginwidth=\"0\" marginheight=\"0\" scrolling=\"no\"><\/iframe>\n<\/div><\/figure>\n\n\n\n<p>Mi lesz ott a feladat?<\/p>\n\n\n\n<p>Az \u00f6nk\u00e9ntes az adott projektt\u0151l f\u00fcgg\u0151en <\/p>\n\n\n\n<ul>\n<li>Ifjus\u00e1gi, vagy programokat kell el\u0151k\u00e9sz\u00edtened, v\u00e9grehajtandod vagy seg\u00edt\u0151k\u00e9nt, anim\u00e1tork\u00e9nt er\u0151s\u00edtened.<\/li>\n\n\n\n<li>Szervez\u0151k, h\u00e1zigazd\u00e1k \u00e1ltal eltervezett k\u00e9pz\u00e9si folyamaton.<\/li>\n\n\n\n<li>R\u00e9szt veszel a helyi k\u00f6z\u00f6ss\u00e9g \u00e9let\u00e9ben (k\u00f6z\u00f6s im\u00e1k, \u00e9tkez\u00e9sek, h\u00e1zk\u00f6r\u00fcli munk\u00e1k,stb.)<\/li>\n<\/ul>\n\n\n\n<h3>Hogyan k\u00e9sz\u00fcljek?<\/h3>\n\n\n\n<p>A k\u00fcldet\u00e9s el\u0151tt rendszerint <strong>h\u00e1rom <\/strong>alkalomb\u00f3l \u00e1ll\u00f3 k\u00e9pz\u00e9sen kell r\u00e9sztvenned, \u00e9s a k\u00fcldet\u00e9s teljes id\u0151tartam\u00e1n r\u00e9szt kell venned.<\/p>\n\n\n\n<h3>Mikor indulhatok?<\/h3>\n\n\n\n<p>Az aktu\u00e1lis r\u00f6vid k\u00fcldet\u00e9seket <a href=\"http:\/\/salesianmissions.hu\/voluntary\/aktualis\/\">ezen az oldalon<\/a> tal\u00e1lod. Jelenleg ezekre a k\u00fcldet\u00e9sekre v\u00e1runk \u00f6nk\u00e9nteseket.<\/p>\n\n\n\n<h3>Mehetek a kedvenc orsz\u00e1gomba?<\/h3>\n\n\n\n<p> A vil\u00e1g sz\u00e1mos orsz\u00e1g\u00e1b\u00f3l sz\u00e1m\u00edthatnak r\u00e1d!<\/p>\n\n\n\n<p>Jelezd, ha van kiv\u00e1lasztott orsz\u00e1g, ahov\u00e1 sz\u00edvesen induln\u00e1l, felvessz\u00fck a helyi szal\u00e9zi k\u00f6z\u00f6ss\u00e9ggel a kapcsolatot. <br>Viszont nem tudjuk garant\u00e1lni, hogy az \u00e1ltalad kigondolt orsz\u00e1gban azonnal elhelyez\u00fcnk. Gondolj csak bele, hogy a projekteket szervez\u0151 k\u00f6z\u00f6ss\u00e9gek \u00e9pp\u00fagy keresnek \u00f6nk\u00e9ntes fiatalt, ahogyan a fiatal keresi a megfelel\u0151 k\u00fcldet\u00e9st. <\/p>\n\n\n\n<p>Fordulj nyitott sz\u00edvvel az \u00f6nk\u00e9ntess\u00e9g fel\u00e9! <\/p>\n\n\n\n<p>Az aktu\u00e1lis r\u00f6vid k\u00fcldet\u00e9seket <a href=\"http:\/\/salesianmissions.hu\/voluntary\/aktualis\/\">ezen <\/a>az oldalon tal\u00e1lod. Ezekre a k\u00fcldet\u00e9sekre m\u00e1r v\u00e1runk \u00f6nk\u00e9nteseket.<\/p>\n\n\n\n<h3>El\u00e9g ha tudok angolul?<\/h3>\n\n\n\n<p>Igen, a r\u00f6vid k\u00fcldet\u00e9sek alapvet\u0151 nyelve az Angol. A k\u00e9pz\u00e9s sor\u00e1n t\u00f6rekedni fogunk r\u00e1, hogy megtanuld a c\u00e9lorsz\u00e1g n\u00e9h\u00e1ny alapvet\u0151 kifejez\u00e9s\u00e9t, de nem felt\u00e9tele a kik\u00fcld\u00e9sednek az angolon k\u00edv\u00fcl m\u00e1s nyelvismeret.<\/p>\n\n\n\n<h3>Mivel tartozom ez\u00e9rt?<\/h3>\n\n\n\n<p>A r\u00f6vid k\u00fcldet\u00e9sek jellemz\u0151en a Szal\u00e9zi Rend \u00e9s gyakran m\u00e1s forr\u00e1sok (EU) t\u00e1mogat\u00e1s\u00e1t \u00e9lvezik, \u00edgy k\u00fcl\u00f6n\u00f6sebb anyagi vonzata nincs a k\u00fcldet\u00e9seknek. (N\u00e9h\u00e1ny Projektszervez\u0151 egy jelk\u00e9pes r\u00e9szv\u00e9teli d\u00edjat sz\u00e1mol fel a r\u00e9sztvev\u0151knek, ez azonban ne t\u00e1ntor\u00edtson el a jelentkez\u00e9st\u0151l! Mindig van seg\u00edts\u00e9g!)<\/p>\n\n\n\n<p><br>Sz\u00e1m\u00edtunk r\u00e1 viszont, hogy haza\u00e9rkezve egy r\u00f6vid (max 30 perc) <strong>bemutat\u00f3val <\/strong>seg\u00edtitek a Misszi\u00f3s \u00d6nk\u00e9ntesek k\u00e9pz\u00e9s\u00e9t, illetve, k\u00e9r\u00fcnk, hogy egy<strong> \u00edr\u00e1sos besz\u00e1mol\u00f3t \u00e9s n\u00e9h\u00e1ny f\u00e9nyk\u00e9pet<\/strong> is k\u00fcldj az \u00e9lm\u00e9nyeidr\u0151l, megszerzett tud\u00e1sr\u00f3l, amit honlapunkon megoszthatunk.<\/p>\n\n\n\n<h3>Hogyan jelentkezhetek?<\/h3>\n\n\n\n<p>K\u00fcldd el <span style=\"text-decoration: underline;\">angol nyelv\u0171 \u00f6n\u00e9letrajzod <\/span>a sdb.mission.hungary@gmail.com &#8211; e-mail c\u00edmre<\/p>\n","protected":false},"excerpt":{"rendered":"<p>R\u00f6vid k\u00fcldet\u00e9sre 14-25 \u00e9ves fiatalokat ind\u00edtunk valamely k\u00fclf\u00f6ldi szal\u00e9zi k\u00f6z\u00f6ss\u00e9ghez, ahol rendszerint egy el\u0151k\u00e9sz\u00edtett 10-60 napos projektben (ny\u00e1ri t\u00e1bor, k\u00e9pz\u00e9s, stb. ) mint seg\u00edt\u0151, j\u00e1t\u00e9kvezet\u0151,<\/p>\n","protected":false},"author":2,"featured_media":0,"parent":0,"menu_order":0,"comment_status":"closed","ping_status":"closed","template":"","meta":[],"_links":{"self":[{"href":"https:\/\/salesianmissions.hu\/voluntary\/wp-json\/wp\/v2\/pages\/324"}],"collection":[{"href":"https:\/\/salesianmissions.hu\/voluntary\/wp-json\/wp\/v2\/pages"}],"about":[{"href":"https:\/\/salesianmissions.hu\/voluntary\/wp-json\/wp\/v2\/types\/page"}],"author":[{"embeddable":true,"href":"https:\/\/salesianmissions.hu\/voluntary\/wp-json\/wp\/v2\/users\/2"}],"replies":[{"embeddable":true,"href":"https:\/\/salesianmissions.hu\/voluntary\/wp-json\/wp\/v2\/comments?post=324"}],"version-history":[{"count":4,"href":"https:\/\/salesianmissions.hu\/voluntary\/wp-json\/wp\/v2\/pages\/324\/revisions"}],"predecessor-version":[{"id":721,"href":"https:\/\/salesianmissions.hu\/voluntary\/wp-json\/wp\/v2\/pages\/324\/revisions\/721"}],"wp:attachment":[{"href":"https:\/\/salesianmissions.hu\/voluntary\/wp-json\/wp\/v2\/media?parent=324"}],"curies":[{"name":"wp","href":"https:\/\/api.w.org\/{rel}","templated":true}]}}